+ 2. What are the prime factors of g(-5)?
17
Suppose 2*m = -5*t + 186, 3*m + 2*m = -t + 465. Suppose 5*f + 33 = m. List the prime factors of f.
2, 3
Let z = 5 + -1. Suppose 2 + 2 = -z*h, -l + 18 = 5*h. List the prime factors of l.
23
Let k(z) = z - 2. Let s be k(-2). What are the prime factors of (-2)/(1*s/64)?
2
Suppose 84 = -3*f - 3. Let v = -13 - f. What are the prime factors of v?
2
Let u(y) = -2*y - 7. Let m be u(0). Suppose 40 = 4*z + 4*t, -3*z + 30 = -0*t - 4*t. Let f = z + m. What are the prime factors of f?
3
Let d(l) = l - 1. Let s be d(7). Let t be s/(-4) + (-102)/(-4). Suppose 4*k - t = -2*n, 0 = -5*k - 2*n + 6*n + 30. List the prime factors of k.
2, 3
Let v(n) = 101*n**2 + n. Let w be v(1). Suppose -4*a + w = -2*a. List the prime factors of a.
3, 17
Suppose 0*f - f = 5*m - 44, 70 = 2*f + 4*m. What are the prime factors of f?
29
Suppose -4*h + 26 = 5*n + 8, -3*h = 5*n - 16. Suppose b = -n*b + 96. What are the prime factors of b?
2
Suppose 2*u + h = 4*u + 6, -3*h - 9 = 3*u. What are the prime factors of u/(9/51)*-1?
17
Suppose 15*x + 12 = 18*x. Suppose 4*i - 108 = x. List the prime factors of i.
2, 7
Suppose 0 = -5*u + 3*g + 5, 2*g - g + 15 = -5*u. List the prime factors of (-62)/(-22) - u/11.
3
Let w(j) = -j**2 + j + 1. Let o(c) = -2*c**2 + 6*c - 6. Let p(d) = o(d) - 3*w(d). List the prime factors of p(-7).
19
Let v = 57 - 48. List the prime factors of v.
3
Let x(k) be the third derivative of k**5/60 + k**4/3 + 11*k**3/6 + k**2. List the prime factors of x(-8).
11
Suppose -7*f + 2*f = -3*g - 67, 2*g = -4*f + 58. List the prime factors of f.
2, 7
Suppose -4*u - 2*s + 3 = -s, -5*u + 3*s + 8 = 0. Suppose -u = -4*j + 3. Let t = 11 - j. What are the prime factors of t?
2, 5
Let b be 43/(-9) + (-6)/27. Let z(i) = -2*i + 4. Let x be z(b). Let u = x + -2. What are the prime factors of u?
2, 3
Suppose m + 2*m = 84. Let c = -20 + m. What are the prime factors of c?
2
Let s = 6 + 3. Suppose 0 = -u - 3*f + s - 0, -3*u = -2*f - 27. List the prime factors of u.
3
List the prime factors of -1*1/1 - (-2 - 9).
2, 5
Let o = -7 - -12. Suppose 0*h - o*h = -15. What are the prime factors of h?
3
Let u(h) = -2*h + 2. Let t(y) = y**2 - 9*y + 11. Let x be t(8). Let m(v) = v - 1. Let a(n) = x*u(n) + 5*m(n). What are the prime factors of a(-8)?
3
What are the prime factors of (-10)/85 + 138/17?
2
Suppose 0 = -8*n + 692 + 356. What are the prime factors of n?
131
Let q(s) = 2*s**2 - 10*s + 8. List the prime factors of q(7).
2, 3
Let a = 30 + -12. What are the prime factors of a?
2, 3
Let k(n) = 6*n - 1. Let s(x) = -x**3 + 2*x**2 + 3*x + 1. Let h be s(3). List the prime factors of k(h).
5
Suppose 2*o - 1 - 5 = 0. Suppose c + 3 = r - o*c, -4*r = 5*c - 96. What are the prime factors of r?
19
Let x(t) be the third derivative of t**6/120 + t**5/60 + 5*t**3/3 - 2*t**2. What are the prime factors of x(0)?
2, 5
Suppose -m - 7 = -4*f, -f - 2 + 18 = -5*m. Let p(b) = -b**3 - b**2 + 2*b + 1. What are the prime factors of p(m)?
13
Suppose -m - 42 = -4*u - 2*m, 44 = 4*u + 2*m. Suppose u = 3*j + q, 2*j - 6 = -j - 3*q. What are the prime factors of j?
2
Let k(z) = 2*z**2 + 6*z - 9. Let h be k(-10). Let b = h + -87. List the prime factors of b.
2, 11
Suppose 0 = 5*v + 3*t + t - 46, -t + 10 = v. List the prime factors of v/(-2) - (-7 - 0).
2
Let s = 11 - 10. Suppose 5*f - 44 = s. What are the prime factors of f?
3
Let m(v) = 2*v - 2*v - 5*v - 3 + 3*v. What are the prime factors of m(-3)?
3
Let n = 114 + -70. List the prime factors of n.
2, 11
Suppose -2*n - 3*r + 6 = -4*r, -5*n - 5*r - 15 = 0. Let h(a) = 25*a**2 - a + 1. List the prime factors of h(n).
5
Let s be (-1 - 2) + 5 + 36. Suppose u - 4*u - 48 = -3*q, -2*u - 4*q - s = 0. Let i = 29 + u. What are the prime factors of i?
2, 3
Suppose -5*v + 2*v - 2*o + 16 = 0, -5*o + 15 = -5*v. Suppose 0 = u + v*u - 3*r - 78, 2*u - r - 47 = 0. What are the prime factors of u?
3, 7
Let m = 19 - 27. What are the prime factors of m*(-3)/((-3)/(-2))?
2
Let t(l) = 3*l**2 + 8*l - 12. List the prime factors of t(5).
103
Let h(f) = -f**2 - 8*f - 5. Let w be h(-7). Let p(t) = -2*t + 1 + 3 + 0*t**3 - 3*t**3 - 4*t**w + 2*t**3. What are the prime factors of p(-4)?
2, 3
Let j(q) = -3*q - 5. Let w be j(-5). Let f = w - -22. Suppose s + 4*d - 6 = 14, -5*d + f = 3*s. What are the prime factors of s?
2
Let o(r) = -5*r - r + 3*r - 7 + 3*r**2 - 2*r**2. List the prime factors of o(6).
11
Let v(i) = 15*i**2 + 3*i - 1. Let n(g) be the first derivative of 7*g**3/3 + g**2 - 1. Let c(h) = -13*n(h) + 6*v(h). What are the prime factors of c(-5)?
3
Suppose -b = -0*b. Suppose -5*m - 3*j - 13 = 0, b = -4*m + 2*j + j - 5. What are the prime factors of (2/6)/(m/(-18))?
3
Let t = 3 - -2. Suppose -t*v = -v. Suppose -2*m + m + 5 = v. What are the prime factors of m?
5
Let h(y) = -4*y - 1. Suppose -5*m + m = -20. Let q = -7 + m. What are the prime factors of h(q)?
7
Let n = -13 - -18. What are the prime factors of n?
5
Let i(p) = -p**3 + 8*p**2 - 7. Let q be i(7). What are the prime factors of (q/(-4))/(6/(-8))?
2, 7
Let a(z) = 3*z**2 - 4*z + 3. List the prime factors of a(-4).
67
Suppose 4*v - 4 = 0, -16 = -5*r - v + 515. What are the prime factors of r?
2, 53
What are the prime factors of 3/(3/2) + (-455)/(-5)?
3, 31
Let z be 2 + (4 - 3) + -3. Suppose z = 3*b - 5*b + 8. What are the prime factors of b?
2
What are the prime factors of (-564)/(-44) + (-60)/33 + 2?
13
Let u = 3 + -1. Let r be u - (0 - (1 - 30)). Let o = -19 - r. What are the prime factors of o?
2
Suppose 0 = -x - x + 108. What are the prime factors of x?
2, 3
Let m(f) = -5*f**3 - 20*f**2 - 4*f + 6. Let a(h) = h**3 + 4*h**2 + h - 1. Let w(x) = -11*a(x) - 2*m(x). What are the prime factors of w(-4)?
11
Suppose -634 = -3*g - 4*t + 26, -4*g = 3*t - 880. What are the prime factors of g?
2, 5, 11
List the prime factors of (4/(-4))/((-1)/126).
2, 3, 7
Let q = 9 - -13. What are the prime factors of q?
2, 11
Let d(i) = 11*i + 4. Let g be d(-4). Let o = 58 + g. What are the prime factors of o?
2, 3
Let x(f) = 2*f - 1. Suppose s - 9 = -2*s. Let t be x(s). Let q = -2 + t. List the prime factors of q.
3
What are the prime factors of 964/22 + 12/66?
2, 11
Let v(o) = -o + 19. Let m be v(0). Let n = m + -6. What are the prime factors of n?
13
Suppose 3*r + 168 = 7*r. What are the prime factors of r?
2, 3, 7
Suppose -2*c = -4*y + 270, -4*c = -3*c - 1. List the prime factors of y.
2, 17
Suppose -3*z - 220 = -3*g - g, 3*z = g - 46. What are the prime factors of g?
2, 29
Let k(h) = -h**2 - 4*h + 10. Let v be k(7). Let z = -43 - v. What are the prime factors of z?
2, 3
Let d = 26 + 0. List the prime factors of d.
2, 13
Let v(t) be the second derivative of t**4/12 + t**3/2 - 2*t**2 + 3*t. What are the prime factors of v(-5)?
2, 3
Let o(d) = 7*d**2 - 2*d + 1. Let q be 1/2*(6 - 4). What are the prime factors of o(q)?
2, 3
List the prime factors of (-606)/4*(-2)/3.
101
Let b(o) = -17*o - 2. Let d be b(-2). Suppose 2*s = -h + d, 28 = 2*s - 0*h + 2*h. What are the prime factors of s?
2, 3
Let b(t) = -t**2 - 3*t + 1. Let d be b(-5). Let a = d + 14. What are the prime factors of a?
5
Let m(r) = 5 - r - 4 + r + 3*r + 3*r**2. Let w(o) = o**2 + 2*o. Let n(x) = 3*m(x) - 7*w(x). List the prime factors of n(3).
2, 3
Let w = -11 - -15. Let l = -6 + w. Let j = 9 - l. What are the prime factors of j?
11
Let t(f) = f**2. Let d = 28 + -15. Suppose 5*u + d = 28. List the prime factors of t(u).
3
Let o(x) = x**3 - 3*x**2 - 4*x - 1. Let h be o(5). Suppose h = v + 2*u + u, -2*u = -4*v + 158. What are the prime factors of v?
2, 19
Suppose -2*z + 54 = -5*k, 4*z + 2*k - 7*k - 98 = 0. What are the prime factors of z?
2, 11
Suppose 0 = -6*f + 4*f. Suppose f = -2*q - 3*q + 65. What are the prime factors of q?
13
Suppose 3*r = 418 + 185. List the prime factors of r.
3, 67
Let o = 1 + 9. List the prime factors of o.
2, 5
Let y be 1/4 + 70/40. Suppose -b + 1 = -y. List the prime factors of b.
3
What are the prime factors of (-3)/9 - (-260)/15?
17
Suppose -r - 2*k = 1 + 2, -4*r - 1 = -3*k. Let o(u) = u**2 + 8*u + 4. Let a be o(-7). Let p = r - a. List the prime factors of p.
2
Let b = 9 + -15. Let f = -2 - b. Suppose 3*i = -5*a + 13, 4*i + f*a = 12 + 8. What are the prime factors of i?
2, 3
Suppose 0 = -3*t - 4*d + 337, 2*t - d - 481 = -2*t. What are th